{"id":22,"date":"2026-02-19T20:31:46","date_gmt":"2026-02-19T19:31:46","guid":{"rendered":"https:\/\/eventsland.ma\/?page_id=22"},"modified":"2026-03-02T23:00:24","modified_gmt":"2026-03-02T22:00:24","slug":"organisation-devenement","status":"publish","type":"page","link":"https:\/\/eventsland.ma\/index.php\/organisation-devenement\/","title":{"rendered":"Organisation d&rsquo;\u00e9v\u00e9nement"},"content":{"rendered":"\n<p><\/p>\n\n\n\n<p>Le public a consacr\u00e9 les \u00e9v\u00e9nements pour ce qu\u2019ils avaient de mieux \u00e0 leur offrir : des lieux de rencontres, d\u2019\u00e9changes et d\u2019information uniques. L\u2019\u00e9v\u00e9nement r\u00e9pond \u00e0 plusieurs objectifs pour les entreprises : convaincre, s\u00e9duire, \u00e9mouvoir, informer, faire savoir, faire conna\u00eetre\u2026<\/p>\n\n\n\n<p>Il s\u2019accommode parfaitement des \u00e9volutions en cours et offre aux marketeurs un excellent vecteur de communication et marketing. Event\u2019s land vous propose son excellent savoir-faire pour recruter, organiser et mettre en sc\u00e8ne vos \u00e9v\u00e9nements.<\/p>\n\n\n\n<h3 class=\"wp-block-heading\">Nos savoir-faire<\/h3>\n\n\n\n<ul class=\"wp-block-list\">\n<li>Management de projet<\/li>\n\n\n\n<li>Gestion de l\u2019h\u00e9bergement, <\/li>\n\n\n\n<li>Transport, <\/li>\n\n\n\n<li>Restauration,<\/li>\n\n\n\n<li>Signal\u00e9tique,<\/li>\n\n\n\n<li>Ventes et Montage des espaces d\u2019exposition, <\/li>\n\n\n\n<li>Marketing &amp; Communication, <\/li>\n\n\n\n<li>Objets publicitaires, <\/li>\n\n\n\n<li>Elaboration de programme de conf\u00e9rence \u00e0 forte valeur ajout\u00e9e\u2026<\/li>\n<\/ul>\n\n\n\n<p><\/p>\n","protected":false},"excerpt":{"rendered":"<p>Le public a consacr\u00e9 les \u00e9v\u00e9nements pour ce qu\u2019ils avaient de mieux \u00e0 leur offrir : des lieux de rencontres, [&hellip;]<\/p>\n","protected":false},"author":1,"featured_media":0,"parent":0,"menu_order":0,"comment_status":"closed","ping_status":"closed","template":"","meta":{"site-sidebar-layout":"default","site-content-layout":"","ast-site-content-layout":"default","site-content-style":"default","site-sidebar-style":"default","ast-global-header-display":"","ast-banner-title-visibility":"","ast-main-header-display":"","ast-hfb-above-header-display":"","ast-hfb-below-header-display":"","ast-hfb-mobile-header-display":"","site-post-title":"","ast-breadcrumbs-content":"","ast-featured-img":"","footer-sml-layout":"","ast-disable-related-posts":"","theme-transparent-header-meta":"","adv-header-id-meta":"","stick-header-meta":"","header-above-stick-meta":"","header-main-stick-meta":"","header-below-stick-meta":"","astra-migrate-meta-layouts":"default","ast-page-background-enabled":"default","ast-page-background-meta":{"desktop":{"background-color":"var(--ast-global-color-5)","background-image":"","background-repeat":"repeat","background-position":"center center","background-size":"auto","background-attachment":"scroll","background-type":"","background-media":"","overlay-type":"","overlay-color":"","overlay-opacity":"","overlay-gradient":""},"tablet":{"background-color":"","background-image":"","background-repeat":"repeat","background-position":"center center","background-size":"auto","background-attachment":"scroll","background-type":"","background-media":"","overlay-type":"","overlay-color":"","overlay-opacity":"","overlay-gradient":""},"mobile":{"background-color":"","background-image":"","background-repeat":"repeat","background-position":"center center","background-size":"auto","background-attachment":"scroll","background-type":"","background-media":"","overlay-type":"","overlay-color":"","overlay-opacity":"","overlay-gradient":""}},"ast-content-background-meta":{"desktop":{"background-color":"var(--ast-global-color-4)","background-image":"","background-repeat":"repeat","background-position":"center center","background-size":"auto","background-attachment":"scroll","background-type":"","background-media":"","overlay-type":"","overlay-color":"","overlay-opacity":"","overlay-gradient":""},"tablet":{"background-color":"var(--ast-global-color-4)","background-image":"","background-repeat":"repeat","background-position":"center center","background-size":"auto","background-attachment":"scroll","background-type":"","background-media":"","overlay-type":"","overlay-color":"","overlay-opacity":"","overlay-gradient":""},"mobile":{"background-color":"var(--ast-global-color-4)","background-image":"","background-repeat":"repeat","background-position":"center center","background-size":"auto","background-attachment":"scroll","background-type":"","background-media":"","overlay-type":"","overlay-color":"","overlay-opacity":"","overlay-gradient":""}},"footnotes":""},"class_list":["post-22","page","type-page","status-publish","hentry"],"yoast_head":"<!-- This site is optimized with the Yoast SEO plugin v27.2 - https:\/\/yoast.com\/product\/yoast-seo-wordpress\/ -->\n<title>Organisation d&#039;\u00e9v\u00e9nement -<\/title>\n<meta name=\"robots\" content=\"index, follow, max-snippet:-1, max-image-preview:large, max-video-preview:-1\" \/>\n<link rel=\"canonical\" href=\"https:\/\/eventsland.ma\/index.php\/organisation-devenement\/\" \/>\n<meta property=\"og:locale\" content=\"fr_FR\" \/>\n<meta property=\"og:type\" content=\"article\" \/>\n<meta property=\"og:title\" content=\"Organisation d&#039;\u00e9v\u00e9nement -\" \/>\n<meta property=\"og:description\" content=\"Le public a consacr\u00e9 les \u00e9v\u00e9nements pour ce qu\u2019ils avaient de mieux \u00e0 leur offrir : des lieux de rencontres, [&hellip;]\" \/>\n<meta property=\"og:url\" content=\"https:\/\/eventsland.ma\/index.php\/organisation-devenement\/\" \/>\n<meta property=\"article:modified_time\" content=\"2026-03-02T22:00:24+00:00\" \/>\n<meta name=\"twitter:card\" content=\"summary_large_image\" \/>\n<meta name=\"twitter:label1\" content=\"Dur\u00e9e de lecture estim\u00e9e\" \/>\n\t<meta name=\"twitter:data1\" content=\"1 minute\" \/>\n<script type=\"application\/ld+json\" class=\"yoast-schema-graph\">{\"@context\":\"https:\/\/schema.org\",\"@graph\":[{\"@type\":\"WebPage\",\"@id\":\"https:\/\/eventsland.ma\/index.php\/organisation-devenement\/\",\"url\":\"https:\/\/eventsland.ma\/index.php\/organisation-devenement\/\",\"name\":\"Organisation d'\u00e9v\u00e9nement -\",\"isPartOf\":{\"@id\":\"https:\/\/eventsland.ma\/#website\"},\"datePublished\":\"2026-02-19T19:31:46+00:00\",\"dateModified\":\"2026-03-02T22:00:24+00:00\",\"breadcrumb\":{\"@id\":\"https:\/\/eventsland.ma\/index.php\/organisation-devenement\/#breadcrumb\"},\"inLanguage\":\"fr-FR\",\"potentialAction\":[{\"@type\":\"ReadAction\",\"target\":[\"https:\/\/eventsland.ma\/index.php\/organisation-devenement\/\"]}]},{\"@type\":\"BreadcrumbList\",\"@id\":\"https:\/\/eventsland.ma\/index.php\/organisation-devenement\/#breadcrumb\",\"itemListElement\":[{\"@type\":\"ListItem\",\"position\":1,\"name\":\"Accueil\",\"item\":\"https:\/\/eventsland.ma\/\"},{\"@type\":\"ListItem\",\"position\":2,\"name\":\"Organisation d&rsquo;\u00e9v\u00e9nement\"}]},{\"@type\":\"WebSite\",\"@id\":\"https:\/\/eventsland.ma\/#website\",\"url\":\"https:\/\/eventsland.ma\/\",\"name\":\"\",\"description\":\"Event&#039;s Land Agency\",\"potentialAction\":[{\"@type\":\"SearchAction\",\"target\":{\"@type\":\"EntryPoint\",\"urlTemplate\":\"https:\/\/eventsland.ma\/?s={search_term_string}\"},\"query-input\":{\"@type\":\"PropertyValueSpecification\",\"valueRequired\":true,\"valueName\":\"search_term_string\"}}],\"inLanguage\":\"fr-FR\"}]}<\/script>\n<!-- \/ Yoast SEO plugin. -->","yoast_head_json":{"title":"Organisation d'\u00e9v\u00e9nement -","robots":{"index":"index","follow":"follow","max-snippet":"max-snippet:-1","max-image-preview":"max-image-preview:large","max-video-preview":"max-video-preview:-1"},"canonical":"https:\/\/eventsland.ma\/index.php\/organisation-devenement\/","og_locale":"fr_FR","og_type":"article","og_title":"Organisation d'\u00e9v\u00e9nement -","og_description":"Le public a consacr\u00e9 les \u00e9v\u00e9nements pour ce qu\u2019ils avaient de mieux \u00e0 leur offrir : des lieux de rencontres, [&hellip;]","og_url":"https:\/\/eventsland.ma\/index.php\/organisation-devenement\/","article_modified_time":"2026-03-02T22:00:24+00:00","twitter_card":"summary_large_image","twitter_misc":{"Dur\u00e9e de lecture estim\u00e9e":"1 minute"},"schema":{"@context":"https:\/\/schema.org","@graph":[{"@type":"WebPage","@id":"https:\/\/eventsland.ma\/index.php\/organisation-devenement\/","url":"https:\/\/eventsland.ma\/index.php\/organisation-devenement\/","name":"Organisation d'\u00e9v\u00e9nement -","isPartOf":{"@id":"https:\/\/eventsland.ma\/#website"},"datePublished":"2026-02-19T19:31:46+00:00","dateModified":"2026-03-02T22:00:24+00:00","breadcrumb":{"@id":"https:\/\/eventsland.ma\/index.php\/organisation-devenement\/#breadcrumb"},"inLanguage":"fr-FR","potentialAction":[{"@type":"ReadAction","target":["https:\/\/eventsland.ma\/index.php\/organisation-devenement\/"]}]},{"@type":"BreadcrumbList","@id":"https:\/\/eventsland.ma\/index.php\/organisation-devenement\/#breadcrumb","itemListElement":[{"@type":"ListItem","position":1,"name":"Accueil","item":"https:\/\/eventsland.ma\/"},{"@type":"ListItem","position":2,"name":"Organisation d&rsquo;\u00e9v\u00e9nement"}]},{"@type":"WebSite","@id":"https:\/\/eventsland.ma\/#website","url":"https:\/\/eventsland.ma\/","name":"","description":"Event&#039;s Land Agency","potentialAction":[{"@type":"SearchAction","target":{"@type":"EntryPoint","urlTemplate":"https:\/\/eventsland.ma\/?s={search_term_string}"},"query-input":{"@type":"PropertyValueSpecification","valueRequired":true,"valueName":"search_term_string"}}],"inLanguage":"fr-FR"}]}},"_links":{"self":[{"href":"https:\/\/eventsland.ma\/index.php\/wp-json\/wp\/v2\/pages\/22","targetHints":{"allow":["GET"]}}],"collection":[{"href":"https:\/\/eventsland.ma\/index.php\/wp-json\/wp\/v2\/pages"}],"about":[{"href":"https:\/\/eventsland.ma\/index.php\/wp-json\/wp\/v2\/types\/page"}],"author":[{"embeddable":true,"href":"https:\/\/eventsland.ma\/index.php\/wp-json\/wp\/v2\/users\/1"}],"replies":[{"embeddable":true,"href":"https:\/\/eventsland.ma\/index.php\/wp-json\/wp\/v2\/comments?post=22"}],"version-history":[{"count":6,"href":"https:\/\/eventsland.ma\/index.php\/wp-json\/wp\/v2\/pages\/22\/revisions"}],"predecessor-version":[{"id":124,"href":"https:\/\/eventsland.ma\/index.php\/wp-json\/wp\/v2\/pages\/22\/revisions\/124"}],"wp:attachment":[{"href":"https:\/\/eventsland.ma\/index.php\/wp-json\/wp\/v2\/media?parent=22"}],"curies":[{"name":"wp","href":"https:\/\/api.w.org\/{rel}","templated":true}]}}